g(0).
3
Let f(q) = -16 + 23 - 2*q - 8. Determine f(-4).
7
Suppose 18 = -3*y - h, -3*y - 13 = 2*y - 4*h. Let g(q) = -3*q + 2. Determine g(y).
17
Let b = 13 + -10. Let q(n) = -7*n - n + b - n**2 + 5*n. Give q(-3).
3
Let k(l) = -2*l**2 - 6*l + 7. Let z = -24 + 19. What is k(z)?
-13
Let u(a) = -2*a - 3. Suppose -r - 6 = 2*r. Let t = r + -9. Let o = t + 8. Determine u(o).
3
Let g(m) = -9 - m + m**3 + 22 + 3*m**2 - 15. Let q = -10 + 7. Determine g(q).
1
Let n(f) = 2*f**2 + 2*f - 1. Let i = 47 + -45. What is n(i)?
11
Let x(b) = b**2 + 3. Let j be x(0). Suppose j*c + 20 = -2*c. Let f(l) = 2*l - 72*l**2 + 6 + 73*l**2 + 5*l. What is f(c)?
-6
Let p = -7 + 28. Let i = p - 22. Let m(a) = a - 3*a + 3*a - 6*a**2. Calculate m(i).
-7
Let l(i) = -3*i - 6*i**2 + 1 + 3*i**2 + 8*i**2 - 10*i**3 + 9*i**3. What is l(2)?
7
Suppose 11 - 41 = -5*v. Let z(j) = j - 8. Give z(v).
-2
Suppose -4*t + 4 = -4*m - 16, 0 = -5*m - 15. Let y(b) = 2*b - 10 - 2*b + b**3 + 8*b**t - b. Give y(-8).
-2
Let k(c) = c**3 + 13*c**2 - 15*c - 11. Let x be k(-14). Let o(j) = 2*j**3 - j**x - 3*j + 3*j**2 + 1 + 0*j. Calculate o(-4).
-3
Let s(g) = g - 1. Let l(i) = 2*i**2 - 24*i + 1. Let y be l(12). What is s(y)?
0
Let d(c) = -5*c**2 - c - 1. Let q be d(-1). Let x(b) = b**3 + 5*b**2 - 3*b - 7. Determine x(q).
8
Let i be 56/7 + 3*-1. Let j = -6 + 8. Suppose j*z - 1 - i = 0. Let k(v) = v**2 - 2*v + 4. Determine k(z).
7
Let f(u) = -u**3 + 2*u. Let y be f(-2). Let s(p) = 4*p - 5. Calculate s(y).
11
Let z(k) be the first derivative of -3*k**2/2 - 5*k - 1. Suppose 0 = -4*l - 2*s - 26, 4*s - 6 = 3*l + s. Calculate z(l).
10
Let g(m) = -13*m**3 - 17*m**2 + 4*m + 1. Let h(w) = 3*w**3 + 4*w**2 - w. Let y(f) = 2*g(f) + 9*h(f). Determine y(-3).
-4
Let n(z) be the second derivative of z**6/72 - z**5/120 - 5*z**3/6 - 2*z. Let j(u) be the second derivative of n(u). Calculate j(-1).
6
Suppose 4*z = -5 - 27. Let x be 2/z + 10/8. Let y = 5 - x. Let n(o) = o**3 - 3*o**2 - 5*o - 2. Give n(y).
-6
Let n(o) = -o**2 + 6*o + 1. Suppose -m - 4*h - 14 = 0, -5*m + 4*m + 2*h + 16 = 0. Let k be n(m). Let x(i) = -i**2 + 2*i. Determine x(k).
1
Let c(s) = -s**3 - 14*s**2 - 4*s + 7. Let d(u) = -u**3 - 13*u**2 - 5*u + 7. Let l(m) = 4*c(m) - 5*d(m). What is l(-7)?
28
Let q be -3 + 7 + (-1)/(-1). Let p(h) = -h**3 + 6*h**2 - 6*h - 7. What is p(q)?
-12
Let z = -97 + 148. Let l(i) = 56 + 3*i - z - 5*i. Determine l(-4).
13
Suppose 5*w - 13 + 3 = 0. Let t(p) = 2*p + 2*p - w*p + 2*p. Let g(m) = -m - 13. Let k be g(-12). Calculate t(k).
-4
Let v(b) = -b**3 + 4*b**2 + 11*b - 31. Let c be v(5). Let f(t) = 10*t + 3. Let g(q) = -7*q - 2. Let h(s) = -5*f(s) - 7*g(s). Determine h(c).
0
Suppose -4*g = 5*w + 107, 0 = 4*w - 6*g + g + 102. Let i = w + 27. Let p(t) = t + 2. Determine p(i).
6
Let d(x) = 7*x**2 - 13*x + 14. Let a(w) = 3*w**2 - 6*w + 7. Let n(h) = -9*a(h) + 4*d(h). What is n(-5)?
8
Let a(i) = -i + 2. Let t be a(-2). Let v be 8 - 5/(5/3). Let w(z) = 2*z - 9*z + v*z + 5. Determine w(t).
-3
Let o(q) = -6*q**2. Suppose 0 = 4*k - f + 16 + 5, -3*k = 5*f - 13. Let c = 4 + -1. Let b = k + c. Give o(b).
-6
Let m(b) = 2*b**2 + b - 1. Let w(c) = -c**3 - 12*c**2 - c + 8. Let g be w(-12). Let f be 24/g - (-2)/(-10). Determine m(f).
2
Let g = 10 + -8. Let k(a) = -a**2 - 10*a - g*a**3 + a**3 + 10*a + 5. Let o = -1 - -1. Determine k(o).
5
Let z(g) = -10*g + 1. Let k(f) = -f**2 + 4*f - 2. Let l be k(4). Let d = 3 + l. Give z(d).
-9
Let k(r) = 5*r**2 + r. Let o be 13/5 + (-8)/(-20). Let q = -1 + -3. Let p = q + o. What is k(p)?
4
Let r(l) = -l - 1. Let f(g) = -7*g - 2. Let w(c) = -f(c) + 3*r(c). Calculate w(-2).
-9
Let o(i) = i**2 - 4*i - 1. Let x be o(5). Suppose x*v - 3*g + 15 = 0, v - 5 = -0*v - g. Let f(h) = -12 - 4*h**2 + 6*h**2 - h**2. Determine f(v).
-12
Suppose 3*i - 15 = 0, 2*c + i + 2*i - 15 = 0. Let d(j) = j**2 - j + 4. Give d(c).
4
Let l(h) be the third derivative of -h**5/60 - h**4/4 - 2*h**3/3 + 28*h**2. What is l(-5)?
1
Let w(o) = o + 6. Suppose 0 = q + a - 18, -5*a - 2 + 17 = 0. Let c be ((-3)/(-9))/(1/q). Let x be (2/(-2)*c)/1. Calculate w(x).
1
Let n(f) = -3*f + 1. Let a(y) = -y + 3. Let x(t) = -t + 3. Let p(v) = -5*a(v) + 6*x(v). Let m be p(0). What is n(m)?
-8
Let k be (-13)/((-39)/(-18))*2/4. Let z(o) = -3*o - 6. What is z(k)?
3
Let o(l) = 3*l**2 - l - 1. Suppose -w + 0 = 1. Determine o(w).
3
Let x(c) = c - 2. Let w(t) = 2. Let h(b) = 4*w(b) + 3*x(b). Calculate h(-4).
-10
Let o(x) be the first derivative of -x**7/840 - x**6/60 + x**4/3 + 2*x**3/3 + 7. Let v(t) be the third derivative of o(t). What is v(-6)?
8
Let x(o) = 2*o - 5 + 2 + 0*o. Let n = 4 + 0. Suppose 0*t + n*l + 10 = 5*t, 0 = 4*t + 4*l - 44. Give x(t).
9
Suppose 0*d + 5*d = -3*l + 41, 4*d = 4*l - 12. Let q be -2 + l - 3 - -1. Let t(f) = f**3 - 2*f**2 - f. Determine t(q).
6
Let l(a) be the third derivative of a**5/30 + 2*a**3/3 - 3*a**2. Let s(p) be the first derivative of l(p). Calculate s(2).
8
Let g(d) be the third derivative of d**5/60 + 5*d**4/12 + d**3/2 + 5*d**2. Let y be g(-9). Let c(a) = -a**3 - 6*a**2 - a - 5. Give c(y).
1
Let m(z) = z**2 + 1. Let l(t) = -4*t**2 + 7*t - 4. Let y(g) = l(g) + 3*m(g). Calculate y(5).
9
Suppose -o + 2 = 7. Let g(i) = 2*i + i - 558 + 563. Give g(o).
-10
Let z(l) = 1 + 2*l + l**3 - 2 - l. Let f(y) = y**2 - 3*y - 2. Let b be f(4). Give z(b).
9
Let q(u) = 28 - 51 + 2*u + 29. Suppose 0 = -5*n - 0*n + 25. Give q(n).
16
Suppose -13 = 2*t - k, k - 2 = -2*t - 3*k. Let i(v) = v + 4. Give i(t).
-1
Let b(u) = -u**2 - 2*u + 3. Let g(n) = n + 1. Let c(r) = b(r) - 2*g(r). Let d(t) = t + 1. Let k(s) = -c(s) - 2*d(s). Give k(-4).
5
Suppose 5*z + 3*q = 26, 2*z + 3*q = -z + 18. Let t(l) = -l + 2*l**2 - z + 2*l**2 + 0 - l**3. What is t(3)?
2
Suppose 0 = -2*f - 5 + 17. Suppose f*w - 7*w = -18. Let t be (-24)/w*6/4. Let r(j) = j**3 + 2*j**2 + j - 2. Give r(t).
-4
Let p = -5 - -7. Let a(l) = 7*l**2 + 2*l**3 - 2*l**p + 2 - l**3. What is a(-5)?
2
Let z(g) be the first derivative of -g**2/2 + 10*g - 5. Give z(0).
10
Let p(d) = -8 + 2*d - 1 + 9. What is p(-3)?
-6
Let g(u) = 2*u + 1. Let v be (2/(-3))/((-2)/3). Let o be 2 + (2 - v) + 12. Suppose o = -6*p + p. What is g(p)?
-5
Let y(v) = v**2 + 5*v - 4. Let j = -7 + 8. Suppose 5*m - 4*a + 41 = 0, 3*m = -5*a + j + 4. Calculate y(m).
-4
Let l(f) = -6*f**2 + 3*f - 8. Let q(h) = -7*h**2 + 2*h - 8. Let a(s) = 6*l(s) - 5*q(s). Calculate a(6).
4
Let t(b) be the third derivative of 11*b**4/6 - 6*b**2. Let v(k) = 8*k. Let u(j) = 5*t(j) - 28*v(j). What is u(1)?
-4
Suppose -3*u = -3*q + 39, -3*q - 5 = u - 28. Let m = 44 + -36. Let f(y) = q*y - m - 7*y + 1. What is f(5)?
3
Let r(h) = -2*h**2 - 2*h - 2. Let g(b) = -b**3 + b - 2. Let f be g(0). What is r(f)?
-6
Let f be (2/4)/((-6)/12). Let c be 2 + -3 - (-1 + f). Let o(v) = 0 + c - 2*v + v. What is o(5)?
-4
Let g(c) = -25*c**2 - 2*c - 8*c - 9 + 23*c**2 + 0*c. What is g(-6)?
-21
Let s(x) = 7*x - 14. Let v be s(3). Let n(g) = g**3 - 8*g**2 + 5*g + 1. What is n(v)?
-13
Let y be 2/((-12)/(-9))*2. Let s(q) = -5*q + q**2 - 4 - q + 7*q + y*q. What is s(-6)?
8
Let w = -8 + 11. Suppose -2 = 5*g + w. Let q(y) = -2*y**3 + y**2. Calculate q(g).
3
Suppose 0 = 5*v + 25, 2*v + 11 = 3*w - 5. Let s(z) = -z**2 + 7*z - 10. Let k be s(5). Let i(m) = -w + k*m + m**2 + m - 2*m + 3. Calculate i(0).
1
Let q(l) = -l - 5. Let v(x) = 4*x + 15. Let m(y) = -7*q(y) - 2*v(y). Let k be (-12)/20*(-8 - 2). What is m(k)?
-1
Let b(g) = g**2 - 6*g - 2. Let m be 2/3 - (-19)/3. Calculate b(m).
5
Let j(y) = 2*y - 1. Suppose 3*o - 5 - 10 = 0. Suppose 4*t - 3 = o. What is j(t)?
3
Let i(s) = -s**3 - 6*s**2 + 4. Let b = 0 - -13. Let y = -19 + b. Determine i(y).
4
Suppose -3*q = 10 - 13. Let g(t) be the third derivative of -t**4/3 + t**3/6 - 2*t**2. What is g(q)?
-7
Let i(m) = -m**3 - 8*m**2 - 3. Let l be i(-8). Let a(u) = u**3 + 5*u**2 + 3*u - 4. Give a(l).
5
Let r(y) = y**2 - 6*y. Let k = -14 + 58. Suppose -k + 8 = -6*i. What is r(i)?
0
Let l = 85 - 89. Let k(v) = -2*v - 3. Give k(l).
5
Let p(m) = m + 6. Let i be p(-9). Let k = -1 - i. Suppose -3*f + 9 = -k*c, c = -f + 5*f - 17. Let s(j) = j - 3. Give s(c).
0
Let s(g) = -g - 3. Let x = 42 + -39. What is s(x)?
-6
Let q(p) = -p**3 + 2*p**2 + 4*p. Let a(b) = 12*b + 1. Let n be a(-3). Let s be n/11 - 2/(-11). Let k be -3 - (-6 - (3 + s)). Calculate q(k).
3
Suppose -8*g